{"id":35831,"date":"2026-04-24T09:32:05","date_gmt":"2026-04-24T13:32:05","guid":{"rendered":"https:\/\/editorialpanhouse.com\/co\/producto\/de-la-carencia-a-la-abundancia\/"},"modified":"2026-04-24T14:14:20","modified_gmt":"2026-04-24T18:14:20","slug":"de-la-carencia-a-la-abundancia","status":"publish","type":"product","link":"https:\/\/editorialpanhouse.com\/co\/producto\/de-la-carencia-a-la-abundancia\/","title":{"rendered":"De la carencia a la abundancia"},"content":{"rendered":"<p>Tras el \u00e9xito del curso online, ahora el autor nos presenta su obra en formato libro.<br \/>\nCon una mirada cabal, vigente y generosa, este libro aborda la relaci\u00f3n que hay entre nuestro mundo interno con nuestra realidad externa, porque, en la propia voz del autor, \u00ablo que sabemos acerca de las finanzas es importante, pero lo que somos es m\u00e1s importante a\u00fan\u00bb.<br \/>\nAs\u00ed como la riqueza interior llama a la riqueza exterior, la mentalidad de carencia \u2500basada en el miedo y la baja estima\u2500 ha mantenido sumida en la pobreza y subdesarrollo a personas, familias y pa\u00edses.<br \/>\nEn un viaje de cinco cap\u00edtulos, Carlos Fraija nos motiva a cambiar el di\u00e1logo interno que deteriora nuestra estima y que no nos permite prosperar. Tambi\u00e9n nos presenta el dise\u00f1o original para vivir en abundancia y c\u00f3mo ese dise\u00f1o puede ser aplicado en el mundo moderno.<br \/>\n\u00bfCu\u00e1ndo debo invertir y cu\u00e1ndo puedo gastar? \u00bfEn qu\u00e9 tipo de negocios debo invertir? \u00bfC\u00f3mo puedo pensar con abundancia? \u00bfC\u00f3mo aumentar mi inteligencia financiera?<br \/>\nA la luz de la palabra de Dios, de ciertas experiencias profundas de su propia vida, y de experimentos cient\u00edficos y sociales, Carlos contesta estos y otros interrogantes, mientras nos gu\u00eda el maravilloso viaje de la carencia a la abundancia<\/p>\n","protected":false},"excerpt":{"rendered":"<p>Lo que sabemos acerca de las finanzas es importante, pero lo que somos es m\u00e1s importante a\u00fan<\/p>\n","protected":false},"featured_media":36453,"comment_status":"open","ping_status":"closed","template":"","meta":{"_acf_changed":false},"product_collection":[737],"product_author":[451],"product_brand":[],"product_cat":[15],"product_tag":[453,286,437,452,1109],"class_list":{"0":"post-35831","1":"product","2":"type-product","3":"status-publish","4":"has-post-thumbnail","6":"product_collection-emprendimiento-y-crecimiento-personal","7":"product_author-carlos-fraija","8":"product_cat-todas","9":"product_tag-abundancia","10":"product_tag-dios","11":"product_tag-finanzas","12":"product_tag-mentalidad","13":"product_tag-riqueza-interior","15":"first","16":"instock","17":"shipping-taxable","18":"purchasable","19":"product-type-simple"},"acf":[],"yoast_head":"<!-- This site is optimized with the Yoast SEO plugin v27.4 - https:\/\/yoast.com\/product\/yoast-seo-wordpress\/ -->\n<title>De la carencia a la abundancia ~ Colombia<\/title>\n<meta name=\"robots\" content=\"index, follow, max-snippet:-1, max-image-preview:large, max-video-preview:-1\" \/>\n<link rel=\"canonical\" href=\"https:\/\/editorialpanhouse.com\/co\/producto\/de-la-carencia-a-la-abundancia\/\" \/>\n<meta property=\"og:locale\" content=\"es_ES\" \/>\n<meta property=\"og:type\" content=\"article\" \/>\n<meta property=\"og:title\" content=\"De la carencia a la abundancia ~ Colombia\" \/>\n<meta property=\"og:description\" content=\"Lo que sabemos acerca de las finanzas es importante, pero lo que somos es m\u00e1s importante a\u00fan\" \/>\n<meta property=\"og:url\" content=\"https:\/\/editorialpanhouse.com\/co\/producto\/de-la-carencia-a-la-abundancia\/\" \/>\n<meta property=\"og:site_name\" content=\"Colombia\" \/>\n<meta property=\"article:publisher\" content=\"https:\/\/www.facebook.com\/lapanhouse\" \/>\n<meta property=\"article:modified_time\" content=\"2026-04-24T18:14:20+00:00\" \/>\n<meta name=\"twitter:card\" content=\"summary_large_image\" \/>\n<meta name=\"twitter:site\" content=\"@lapanhouse\" \/>\n<meta name=\"twitter:label1\" content=\"Precio\" \/>\n\t<meta name=\"twitter:data1\" content=\"&#036;77.000\" \/>\n\t<meta name=\"twitter:label2\" content=\"Availability\" \/>\n\t<meta name=\"twitter:data2\" content=\"In stock\" \/>\n<script type=\"application\/ld+json\" class=\"yoast-schema-graph\">{\"@context\":\"https:\\\/\\\/schema.org\",\"@graph\":[{\"@type\":\"WebPage\",\"@id\":\"https:\\\/\\\/editorialpanhouse.com\\\/co\\\/producto\\\/de-la-carencia-a-la-abundancia\\\/\",\"url\":\"https:\\\/\\\/editorialpanhouse.com\\\/co\\\/producto\\\/de-la-carencia-a-la-abundancia\\\/\",\"name\":\"De la carencia a la abundancia ~ Colombia\",\"isPartOf\":{\"@id\":\"https:\\\/\\\/editorialpanhouse.com\\\/co\\\/#website\"},\"primaryImageOfPage\":{\"@id\":\"https:\\\/\\\/editorialpanhouse.com\\\/co\\\/producto\\\/de-la-carencia-a-la-abundancia\\\/#primaryimage\"},\"image\":{\"@id\":\"https:\\\/\\\/editorialpanhouse.com\\\/co\\\/producto\\\/de-la-carencia-a-la-abundancia\\\/#primaryimage\"},\"thumbnailUrl\":\"https:\\\/\\\/editorialpanhouse.com\\\/co\\\/wp-content\\\/uploads\\\/sites\\\/4\\\/2026\\\/04\\\/product-image-35831-6.png\",\"datePublished\":\"2026-04-24T13:32:05+00:00\",\"dateModified\":\"2026-04-24T18:14:20+00:00\",\"breadcrumb\":{\"@id\":\"https:\\\/\\\/editorialpanhouse.com\\\/co\\\/producto\\\/de-la-carencia-a-la-abundancia\\\/#breadcrumb\"},\"inLanguage\":\"es\",\"potentialAction\":[{\"@type\":\"ReadAction\",\"target\":[\"https:\\\/\\\/editorialpanhouse.com\\\/co\\\/producto\\\/de-la-carencia-a-la-abundancia\\\/\"]}]},{\"@type\":\"ImageObject\",\"inLanguage\":\"es\",\"@id\":\"https:\\\/\\\/editorialpanhouse.com\\\/co\\\/producto\\\/de-la-carencia-a-la-abundancia\\\/#primaryimage\",\"url\":\"https:\\\/\\\/editorialpanhouse.com\\\/co\\\/wp-content\\\/uploads\\\/sites\\\/4\\\/2026\\\/04\\\/product-image-35831-6.png\",\"contentUrl\":\"https:\\\/\\\/editorialpanhouse.com\\\/co\\\/wp-content\\\/uploads\\\/sites\\\/4\\\/2026\\\/04\\\/product-image-35831-6.png\",\"width\":800,\"height\":800},{\"@type\":\"BreadcrumbList\",\"@id\":\"https:\\\/\\\/editorialpanhouse.com\\\/co\\\/producto\\\/de-la-carencia-a-la-abundancia\\\/#breadcrumb\",\"itemListElement\":[{\"@type\":\"ListItem\",\"position\":1,\"name\":\"Portada\",\"item\":\"https:\\\/\\\/editorialpanhouse.com\\\/co\\\/\"},{\"@type\":\"ListItem\",\"position\":2,\"name\":\"Librer\u00eda\",\"item\":\"https:\\\/\\\/editorialpanhouse.com\\\/co\\\/libreria\\\/\"},{\"@type\":\"ListItem\",\"position\":3,\"name\":\"De la carencia a la abundancia\"}]},{\"@type\":\"WebSite\",\"@id\":\"https:\\\/\\\/editorialpanhouse.com\\\/co\\\/#website\",\"url\":\"https:\\\/\\\/editorialpanhouse.com\\\/co\\\/\",\"name\":\"Casa Editorial PanHouse | Colombia\",\"description\":\"\",\"publisher\":{\"@id\":\"https:\\\/\\\/editorialpanhouse.com\\\/co\\\/#organization\"},\"potentialAction\":[{\"@type\":\"SearchAction\",\"target\":{\"@type\":\"EntryPoint\",\"urlTemplate\":\"https:\\\/\\\/editorialpanhouse.com\\\/co\\\/?s={search_term_string}\"},\"query-input\":{\"@type\":\"PropertyValueSpecification\",\"valueRequired\":true,\"valueName\":\"search_term_string\"}}],\"inLanguage\":\"es\"},{\"@type\":\"Organization\",\"@id\":\"https:\\\/\\\/editorialpanhouse.com\\\/co\\\/#organization\",\"name\":\"Casa Editorial Panhouse | Colombia\",\"url\":\"https:\\\/\\\/editorialpanhouse.com\\\/co\\\/\",\"logo\":{\"@type\":\"ImageObject\",\"inLanguage\":\"es\",\"@id\":\"https:\\\/\\\/editorialpanhouse.com\\\/co\\\/#\\\/schema\\\/logo\\\/image\\\/\",\"url\":\"https:\\\/\\\/editorialpanhouse.com\\\/co\\\/wp-content\\\/uploads\\\/sites\\\/4\\\/2026\\\/03\\\/Slogan-2.png\",\"contentUrl\":\"https:\\\/\\\/editorialpanhouse.com\\\/co\\\/wp-content\\\/uploads\\\/sites\\\/4\\\/2026\\\/03\\\/Slogan-2.png\",\"width\":211,\"height\":160,\"caption\":\"Casa Editorial Panhouse | Colombia\"},\"image\":{\"@id\":\"https:\\\/\\\/editorialpanhouse.com\\\/co\\\/#\\\/schema\\\/logo\\\/image\\\/\"},\"sameAs\":[\"https:\\\/\\\/www.facebook.com\\\/lapanhouse\",\"https:\\\/\\\/x.com\\\/lapanhouse\",\"https:\\\/\\\/www.instagram.com\\\/lapanhouse\\\/\",\"https:\\\/\\\/www.linkedin.com\\\/company\\\/casa-editorial-panhouse\\\/\"]}]}<\/script>\n<meta property=\"product:price:amount\" content=\"77000\" \/>\n<meta property=\"product:price:currency\" content=\"COP\" \/>\n<meta property=\"og:availability\" content=\"instock\" \/>\n<meta property=\"product:availability\" content=\"instock\" \/>\n<meta property=\"product:retailer_item_id\" content=\"DELACARE-8616\" \/>\n<meta property=\"product:condition\" content=\"new\" \/>\n<!-- \/ Yoast SEO plugin. -->","yoast_head_json":{"title":"De la carencia a la abundancia ~ Colombia","robots":{"index":"index","follow":"follow","max-snippet":"max-snippet:-1","max-image-preview":"max-image-preview:large","max-video-preview":"max-video-preview:-1"},"canonical":"https:\/\/editorialpanhouse.com\/co\/producto\/de-la-carencia-a-la-abundancia\/","og_locale":"es_ES","og_type":"article","og_title":"De la carencia a la abundancia ~ Colombia","og_description":"Lo que sabemos acerca de las finanzas es importante, pero lo que somos es m\u00e1s importante a\u00fan","og_url":"https:\/\/editorialpanhouse.com\/co\/producto\/de-la-carencia-a-la-abundancia\/","og_site_name":"Colombia","article_publisher":"https:\/\/www.facebook.com\/lapanhouse","article_modified_time":"2026-04-24T18:14:20+00:00","twitter_card":"summary_large_image","twitter_site":"@lapanhouse","twitter_misc":{"Precio":"&#36;77.000","Availability":"In stock"},"schema":{"@context":"https:\/\/schema.org","@graph":[{"@type":"WebPage","@id":"https:\/\/editorialpanhouse.com\/co\/producto\/de-la-carencia-a-la-abundancia\/","url":"https:\/\/editorialpanhouse.com\/co\/producto\/de-la-carencia-a-la-abundancia\/","name":"De la carencia a la abundancia ~ Colombia","isPartOf":{"@id":"https:\/\/editorialpanhouse.com\/co\/#website"},"primaryImageOfPage":{"@id":"https:\/\/editorialpanhouse.com\/co\/producto\/de-la-carencia-a-la-abundancia\/#primaryimage"},"image":{"@id":"https:\/\/editorialpanhouse.com\/co\/producto\/de-la-carencia-a-la-abundancia\/#primaryimage"},"thumbnailUrl":"https:\/\/editorialpanhouse.com\/co\/wp-content\/uploads\/sites\/4\/2026\/04\/product-image-35831-6.png","datePublished":"2026-04-24T13:32:05+00:00","dateModified":"2026-04-24T18:14:20+00:00","breadcrumb":{"@id":"https:\/\/editorialpanhouse.com\/co\/producto\/de-la-carencia-a-la-abundancia\/#breadcrumb"},"inLanguage":"es","potentialAction":[{"@type":"ReadAction","target":["https:\/\/editorialpanhouse.com\/co\/producto\/de-la-carencia-a-la-abundancia\/"]}]},{"@type":"ImageObject","inLanguage":"es","@id":"https:\/\/editorialpanhouse.com\/co\/producto\/de-la-carencia-a-la-abundancia\/#primaryimage","url":"https:\/\/editorialpanhouse.com\/co\/wp-content\/uploads\/sites\/4\/2026\/04\/product-image-35831-6.png","contentUrl":"https:\/\/editorialpanhouse.com\/co\/wp-content\/uploads\/sites\/4\/2026\/04\/product-image-35831-6.png","width":800,"height":800},{"@type":"BreadcrumbList","@id":"https:\/\/editorialpanhouse.com\/co\/producto\/de-la-carencia-a-la-abundancia\/#breadcrumb","itemListElement":[{"@type":"ListItem","position":1,"name":"Portada","item":"https:\/\/editorialpanhouse.com\/co\/"},{"@type":"ListItem","position":2,"name":"Librer\u00eda","item":"https:\/\/editorialpanhouse.com\/co\/libreria\/"},{"@type":"ListItem","position":3,"name":"De la carencia a la abundancia"}]},{"@type":"WebSite","@id":"https:\/\/editorialpanhouse.com\/co\/#website","url":"https:\/\/editorialpanhouse.com\/co\/","name":"Casa Editorial PanHouse | Colombia","description":"","publisher":{"@id":"https:\/\/editorialpanhouse.com\/co\/#organization"},"potentialAction":[{"@type":"SearchAction","target":{"@type":"EntryPoint","urlTemplate":"https:\/\/editorialpanhouse.com\/co\/?s={search_term_string}"},"query-input":{"@type":"PropertyValueSpecification","valueRequired":true,"valueName":"search_term_string"}}],"inLanguage":"es"},{"@type":"Organization","@id":"https:\/\/editorialpanhouse.com\/co\/#organization","name":"Casa Editorial Panhouse | Colombia","url":"https:\/\/editorialpanhouse.com\/co\/","logo":{"@type":"ImageObject","inLanguage":"es","@id":"https:\/\/editorialpanhouse.com\/co\/#\/schema\/logo\/image\/","url":"https:\/\/editorialpanhouse.com\/co\/wp-content\/uploads\/sites\/4\/2026\/03\/Slogan-2.png","contentUrl":"https:\/\/editorialpanhouse.com\/co\/wp-content\/uploads\/sites\/4\/2026\/03\/Slogan-2.png","width":211,"height":160,"caption":"Casa Editorial Panhouse | Colombia"},"image":{"@id":"https:\/\/editorialpanhouse.com\/co\/#\/schema\/logo\/image\/"},"sameAs":["https:\/\/www.facebook.com\/lapanhouse","https:\/\/x.com\/lapanhouse","https:\/\/www.instagram.com\/lapanhouse\/","https:\/\/www.linkedin.com\/company\/casa-editorial-panhouse\/"]}]},"product_price_amount":"77000","product_price_currency":"COP","og_availability":"instock","product_availability":"instock","product_retailer_item_id":"DELACARE-8616","product_condition":"new"},"_links":{"self":[{"href":"https:\/\/editorialpanhouse.com\/co\/wp-json\/wp\/v2\/product\/35831","targetHints":{"allow":["GET"]}}],"collection":[{"href":"https:\/\/editorialpanhouse.com\/co\/wp-json\/wp\/v2\/product"}],"about":[{"href":"https:\/\/editorialpanhouse.com\/co\/wp-json\/wp\/v2\/types\/product"}],"replies":[{"embeddable":true,"href":"https:\/\/editorialpanhouse.com\/co\/wp-json\/wp\/v2\/comments?post=35831"}],"wp:featuredmedia":[{"embeddable":true,"href":"https:\/\/editorialpanhouse.com\/co\/wp-json\/wp\/v2\/media\/36453"}],"wp:attachment":[{"href":"https:\/\/editorialpanhouse.com\/co\/wp-json\/wp\/v2\/media?parent=35831"}],"wp:term":[{"taxonomy":"product_collection","embeddable":true,"href":"https:\/\/editorialpanhouse.com\/co\/wp-json\/wp\/v2\/product_collection?post=35831"},{"taxonomy":"product_author","embeddable":true,"href":"https:\/\/editorialpanhouse.com\/co\/wp-json\/wp\/v2\/product_author?post=35831"},{"taxonomy":"product_brand","embeddable":true,"href":"https:\/\/editorialpanhouse.com\/co\/wp-json\/wp\/v2\/product_brand?post=35831"},{"taxonomy":"product_cat","embeddable":true,"href":"https:\/\/editorialpanhouse.com\/co\/wp-json\/wp\/v2\/product_cat?post=35831"},{"taxonomy":"product_tag","embeddable":true,"href":"https:\/\/editorialpanhouse.com\/co\/wp-json\/wp\/v2\/product_tag?post=35831"}],"curies":[{"name":"wp","href":"https:\/\/api.w.org\/{rel}","templated":true}]}}

<p>Tras el éxito del curso online, ahora el autor nos presenta su obra en formato libro.<br />
Con una mirada cabal, vigente y generosa, este libro aborda la relación que hay entre nuestro mundo interno con nuestra realidad externa, porque, en la propia voz del autor, «lo que sabemos acerca de las finanzas es importante, pero lo que somos es más importante aún».<br />
Así como la riqueza interior llama a la riqueza exterior, la mentalidad de carencia ─basada en el miedo y la baja estima─ ha mantenido sumida en la pobreza y subdesarrollo a personas, familias y países.<br />
En un viaje de cinco capítulos, Carlos Fraija nos motiva a cambiar el diálogo interno que deteriora nuestra estima y que no nos permite prosperar. También nos presenta el diseño original para vivir en abundancia y cómo ese diseño puede ser aplicado en el mundo moderno.<br />
¿Cuándo debo invertir y cuándo puedo gastar? ¿En qué tipo de negocios debo invertir? ¿Cómo puedo pensar con abundancia? ¿Cómo aumentar mi inteligencia financiera?<br />
A la luz de la palabra de Dios, de ciertas experiencias profundas de su propia vida, y de experimentos científicos y sociales, Carlos contesta estos y otros interrogantes, mientras nos guía el maravilloso viaje de la carencia a la abundancia</p>

<p>Lo que sabemos acerca de las finanzas es importante, pero lo que somos es más importante aún</p>

<!-- This site is optimized with the Yoast SEO plugin v27.4 - https://yoast.com/product/yoast-seo-wordpress/ -->
<title>De la carencia a la abundancia ~ Colombia</title>
<meta name="robots" content="index, follow, max-snippet:-1, max-image-preview:large, max-video-preview:-1" />
<link rel="canonical" href="https://editorialpanhouse.com/co/producto/de-la-carencia-a-la-abundancia/" />
<meta property="og:locale" content="es_ES" />
<meta property="og:type" content="article" />
<meta property="og:title" content="De la carencia a la abundancia ~ Colombia" />
<meta property="og:description" content="Lo que sabemos acerca de las finanzas es importante, pero lo que somos es más importante aún" />
<meta property="og:url" content="https://editorialpanhouse.com/co/producto/de-la-carencia-a-la-abundancia/" />
<meta property="og:site_name" content="Colombia" />
<meta property="article:publisher" content="https://www.facebook.com/lapanhouse" />
<meta property="article:modified_time" content="2026-04-24T18:14:20+00:00" />
<meta name="twitter:card" content="summary_large_image" />
<meta name="twitter:site" content="@lapanhouse" />
<meta name="twitter:label1" content="Precio" />
	<meta name="twitter:data1" content="&#036;77.000" />
	<meta name="twitter:label2" content="Availability" />
	<meta name="twitter:data2" content="In stock" />
<script type="application/ld+json" class="yoast-schema-graph">{"@context":"https:\/\/schema.org","@graph":[{"@type":"WebPage","@id":"https:\/\/editorialpanhouse.com\/co\/producto\/de-la-carencia-a-la-abundancia\/","url":"https:\/\/editorialpanhouse.com\/co\/producto\/de-la-carencia-a-la-abundancia\/","name":"De la carencia a la abundancia ~ Colombia","isPartOf":{"@id":"https:\/\/editorialpanhouse.com\/co\/#website"},"primaryImageOfPage":{"@id":"https:\/\/editorialpanhouse.com\/co\/producto\/de-la-carencia-a-la-abundancia\/#primaryimage"},"image":{"@id":"https:\/\/editorialpanhouse.com\/co\/producto\/de-la-carencia-a-la-abundancia\/#primaryimage"},"thumbnailUrl":"https:\/\/editorialpanhouse.com\/co\/wp-content\/uploads\/sites\/4\/2026\/04\/product-image-35831-6.png","datePublished":"2026-04-24T13:32:05+00:00","dateModified":"2026-04-24T18:14:20+00:00","breadcrumb":{"@id":"https:\/\/editorialpanhouse.com\/co\/producto\/de-la-carencia-a-la-abundancia\/#breadcrumb"},"inLanguage":"es","potentialAction":[{"@type":"ReadAction","target":["https:\/\/editorialpanhouse.com\/co\/producto\/de-la-carencia-a-la-abundancia\/"]}]},{"@type":"ImageObject","inLanguage":"es","@id":"https:\/\/editorialpanhouse.com\/co\/producto\/de-la-carencia-a-la-abundancia\/#primaryimage","url":"https:\/\/editorialpanhouse.com\/co\/wp-content\/uploads\/sites\/4\/2026\/04\/product-image-35831-6.png","contentUrl":"https:\/\/editorialpanhouse.com\/co\/wp-content\/uploads\/sites\/4\/2026\/04\/product-image-35831-6.png","width":800,"height":800},{"@type":"BreadcrumbList","@id":"https:\/\/editorialpanhouse.com\/co\/producto\/de-la-carencia-a-la-abundancia\/#breadcrumb","itemListElement":[{"@type":"ListItem","position":1,"name":"Portada","item":"https:\/\/editorialpanhouse.com\/co\/"},{"@type":"ListItem","position":2,"name":"Librería","item":"https:\/\/editorialpanhouse.com\/co\/libreria\/"},{"@type":"ListItem","position":3,"name":"De la carencia a la abundancia"}]},{"@type":"WebSite","@id":"https:\/\/editorialpanhouse.com\/co\/#website","url":"https:\/\/editorialpanhouse.com\/co\/","name":"Casa Editorial PanHouse | Colombia","description":"","publisher":{"@id":"https:\/\/editorialpanhouse.com\/co\/#organization"},"potentialAction":[{"@type":"SearchAction","target":{"@type":"EntryPoint","urlTemplate":"https:\/\/editorialpanhouse.com\/co\/?s={search_term_string}"},"query-input":{"@type":"PropertyValueSpecification","valueRequired":true,"valueName":"search_term_string"}}],"inLanguage":"es"},{"@type":"Organization","@id":"https:\/\/editorialpanhouse.com\/co\/#organization","name":"Casa Editorial Panhouse | Colombia","url":"https:\/\/editorialpanhouse.com\/co\/","logo":{"@type":"ImageObject","inLanguage":"es","@id":"https:\/\/editorialpanhouse.com\/co\/#\/schema\/logo\/image\/","url":"https:\/\/editorialpanhouse.com\/co\/wp-content\/uploads\/sites\/4\/2026\/03\/Slogan-2.png","contentUrl":"https:\/\/editorialpanhouse.com\/co\/wp-content\/uploads\/sites\/4\/2026\/03\/Slogan-2.png","width":211,"height":160,"caption":"Casa Editorial Panhouse | Colombia"},"image":{"@id":"https:\/\/editorialpanhouse.com\/co\/#\/schema\/logo\/image\/"},"sameAs":["https:\/\/www.facebook.com\/lapanhouse","https:\/\/x.com\/lapanhouse","https:\/\/www.instagram.com\/lapanhouse\/","https:\/\/www.linkedin.com\/company\/casa-editorial-panhouse\/"]}]}</script>
<meta property="product:price:amount" content="77000" />
<meta property="product:price:currency" content="COP" />
<meta property="og:availability" content="instock" />
<meta property="product:availability" content="instock" />
<meta property="product:retailer_item_id" content="DELACARE-8616" />
<meta property="product:condition" content="new" />
<!-- / Yoast SEO plugin. -->

Lo que sabemos acerca de las finanzas es importante, pero lo que somos es más importante aún

Librería
